culate the highest common divisor of 35 and 22575.
35
What is the greatest common factor of 2716 and 9436?
28
Calculate the highest common divisor of 5382456 and 2466.
822
Calculate the greatest common factor of 1079109 and 2295.
459
What is the greatest common divisor of 2261256 and 264?
24
Calculate the greatest common factor of 366 and 6231882.
366
Calculate the greatest common factor of 452769 and 111.
111
What is the highest common factor of 1148 and 8897?
287
What is the greatest common divisor of 49935 and 15?
15
Calculate the greatest common divisor of 177254 and 154.
154
What is the greatest common factor of 292845 and 5?
5
Calculate the greatest common factor of 38 and 78508.
38
Calculate the greatest common divisor of 34821 and 438.
219
What is the greatest common factor of 97008 and 43?
43
What is the highest common factor of 22750 and 525?
175
Calculate the greatest common divisor of 2239338 and 246.
246
Calculate the highest common divisor of 91793 and 598.
299
What is the highest common divisor of 269 and 368261?
269
What is the greatest common divisor of 4233 and 4573?
17
What is the greatest common divisor of 839856 and 24?
24
What is the greatest common divisor of 48 and 53574?
6
Calculate the greatest common factor of 28644 and 63364.
868
What is the highest common divisor of 39 and 310531?
13
Calculate the greatest common factor of 1196 and 23504.
52
What is the highest common divisor of 76 and 287774?
38
What is the greatest common factor of 4 and 135988?
4
Calculate the greatest common factor of 3468 and 40732.
68
What is the highest common divisor of 119872 and 64?
64
Calculate the highest common factor of 3240 and 1512.
216
Calculate the greatest common divisor of 11452584 and 1551.
1551
What is the highest common factor of 46578 and 210?
42
Calculate the highest common factor of 11 and 33121.
11
What is the greatest common divisor of 3 and 39936?
3
What is the highest common factor of 359926 and 28?
14
What is the highest common divisor of 1752 and 10500?
12
What is the highest common divisor of 30800 and 68145?
385
Calculate the greatest common factor of 37835 and 1739.
47
What is the greatest common divisor of 6 and 5991?
3
Calculate the highest common divisor of 1540 and 160.
20
What is the greatest common divisor of 25417 and 28?
7
Calculate the highest common divisor of 3742570 and 78.
26
What is the highest common divisor of 1518 and 95082?
138
What is the highest common factor of 78 and 43342?
26
Calculate the highest common factor of 2 and 417577.
1
Calculate the highest common factor of 3192 and 696.
24
What is the greatest common factor of 653906 and 44?
22
Calculate the greatest common factor of 278 and 16819.
139
What is the highest common divisor of 48 and 159792?
48
What is the greatest common factor of 12 and 299856?
12
Calculate the greatest common factor of 15 and 1896525.
15
Calculate the highest common factor of 156489 and 3.
3
What is the greatest common factor of 17376 and 8544?
96
What is the highest common divisor of 2292904 and 8?
8
Calculate the highest common factor of 504 and 345258.
18
Calculate the greatest common factor of 11592 and 153.
9
What is the highest common divisor of 196 and 17220?
28
What is the greatest common divisor of 6685 and 168?
7
Calculate the highest common factor of 143605 and 385.
385
What is the greatest common divisor of 2960 and 2870?
10
What is the highest common factor of 97526 and 23374?
806
Calculate the greatest common divisor of 172383 and 111.
111
What is the greatest common divisor of 2067 and 16483?
53
Calculate the greatest common factor of 44 and 10160.
4
Calculate the highest common divisor of 16037 and 2765.
553
What is the highest common factor of 4409 and 4?
1
What is the greatest common divisor of 112 and 631616?
16
What is the greatest common divisor of 302 and 7266422?
302
Calculate the greatest common factor of 122 and 37454.
122
What is the highest common factor of 302 and 167?
1
What is the greatest common factor of 10812 and 203520?
636
Calculate the greatest common factor of 2531 and 41.
1
What is the greatest common factor of 16791 and 3281?
193
What is the highest common factor of 3675 and 1680?
105
Calculate the highest common factor of 6018 and 306.
102
Calculate the highest common divisor of 351 and 9984.
39
What is the highest common divisor of 170 and 1617652?
34
What is the greatest common divisor of 167305 and 5?
5
What is the greatest common factor of 3082210 and 20?
10
What is the greatest common factor of 470 and 280?
10
Calculate the greatest common factor of 165 and 51084.
33
What is the greatest common divisor of 3806 and 220?
22
Calculate the greatest common divisor of 18368 and 864.
32
Calculate the greatest common divisor of 31 and 1183332.
31
What is the highest common divisor of 874 and 2714?
46
What is the greatest common factor of 834 and 646628?
278
What is the highest common divisor of 4704 and 22029?
21
Calculate the highest common factor of 5190 and 66.
6
Calculate the greatest common factor of 1300 and 1200.
100
What is the highest common divisor of 336 and 6608?
112
Calculate the greatest common divisor of 708729 and 42.
21
Calculate the highest common divisor of 143221 and 3832.
479
What is the highest common divisor of 7953 and 1551?
33
What is the greatest common divisor of 20842 and 323?
17
Calculate the highest common divisor of 26 and 1031446.
26
Calculate the greatest common divisor of 315 and 75495.
105
Calculate the greatest common factor of 16571 and 365.
73
What is the highest common divisor of 598382 and 10?
2
What is the greatest common factor of 24 and 152253?
3
Calculate the greatest common factor of 156 and 18363.
3
Calculate the highest common divisor of 1108 and 572.
4
What is the highest common factor of 3760 and 5560?
40
What is the greatest common factor of 2318 and 1342?
122
Calculate the highest common factor of 2570 and 40.
10
What is the highest common factor of 523 and 247379?
523
Calculate the greatest common divisor of 43594 and 3070.
614
Calculate the highest common factor of 81 and 85158.
27
Calculate the highest common divisor of 1794 and 1518.
138
What is the greatest common divisor of 11488 and 7168?
32
Calculate the greatest common divisor of 900 and 735525.
225
What is the highest common divisor of 1006666 and 582?
194
Calculate the highest common factor of 729 and 34479.
27
Calculate the greatest common divisor of 28056 and 4.
4
Calculate the highest common divisor of 255 and 33303.
51
What is the highest common factor of 90 and 1915875?
45
Calculate the highest common factor of 628221 and 132.
33
Calculate the highest common factor of 187 and 564553.
187
Calculate the greatest common divisor of 244 and 246989.
61
What is the greatest common divisor of 331199 and 66?
11
What is the greatest common divisor of 38347 and 1643?
31
Calculate the greatest common divisor of 5698 and 352.
22
What is the greatest common divisor of 8536 and 33?
11
What is the highest common divisor of 119 and 3400?
17
What is the highest common factor of 82 and 1374689?
41
What is the highest common divisor of 1287 and 325?
13
What is the greatest common factor of 14 and 1389556?
14
What is the greatest common factor of 41 and 402989?
41
What is the highest common divisor of 1022779 and 419?
419
What is the greatest common factor of 4563 and 9342?
27
What is the greatest common divisor of 72131 and 17?
17
What is the greatest common divisor of 24 and 73896?
24
What is the greatest common factor of 221 and 4709?
17
Calculate the greatest common divisor of 1457 and 5640.
47
Calculate the greatest common divisor of 17 and 126497.
17
What is the highest common factor of 418890 and 70?
10
What is the greatest common factor of 1144 and 99112?
104
Calculate the greatest common divisor of 3231978 and 579.
579
Calculate the greatest common divisor of 15 and 3507.
3
What is the greatest common divisor of 1602 and 8712?
18
Calculate the greatest common factor of 24 and 21704.
8
What is the highest common factor of 21 and 26318?
1
What is the highest common divisor of 605043 and 27?
27
Calculate the highest common factor of 1544 and 124485.
193
What is the highest common divisor of 19197 and 90297?
711
Calculate 